(-3).
7
Let w(s) = 40*s. Give w(-1).
-40
Let l(i) = 8*i - 105. Determine l(12).
-9
Let b(m) = -19*m + 111. Give b(12).
-117
Let l(t) = -t**3 + t**2 + 2*t + 3. Calculate l(3).
-9
Let g(i) = 4*i**3 + i**2 + 4*i + 2. What is g(-1)?
-5
Let j(p) = 12*p + 28. Give j(-2).
4
Let y(h) = 3*h**2 - h + 4. What is y(3)?
28
Let h(x) = x**3 - x - 50. Calculate h(0).
-50
Let a(u) = u - 15. Calculate a(-5).
-20
Let n(q) = q**3 + 8*q**2 + 12*q + 2. What is n(-6)?
2
Let v(q) = q**2 - 4*q + 2. Determine v(6).
14
Let s(l) = -5*l**3 + 3*l**2 - 3*l + 1. Determine s(1).
-4
Let r(h) = -h**2 - 20*h - 22. Calculate r(-20).
-22
Let p(z) = -2*z**2 + 44*z - 194. Determine p(5).
-24
Let d(p) = 3*p**2 + 7*p - 4. Give d(-6).
62
Let z(p) = 93*p - 2. Determine z(-1).
-95
Let v(o) = -4*o**3 - o**2. Give v(-2).
28
Let p(h) = 6*h**2 - 2. Give p(2).
22
Let y(j) = -j**2 + 2*j - 13. Give y(0).
-13
Let d(o) = 3*o**2 - 143*o + 89. Give d(47).
-5
Let a(s) = -3*s**2. What is a(-1)?
-3
Let x(d) = d**3 + 4*d**2 + 3*d + 7. Calculate x(-4).
-5
Let h(g) = 2*g + 8. Give h(0).
8
Let y(x) = 15*x + 116. Determine y(-8).
-4
Let r(b) = -14*b - 102. Give r(-7).
-4
Let a(x) = x**3 + 4*x**2 + 6*x - 1. Give a(-5).
-56
Let t(d) = 7*d**2. Give t(-1).
7
Let g(k) = -5*k - 165. Determine g(-28).
-25
Let q(u) = -u**2 - 11*u - 23. Give q(-9).
-5
Let u(m) = 10*m - 5. What is u(2)?
15
Let x(t) = 2*t**2 - 21*t + 9. Determine x(10).
-1
Let v(d) = 8*d + 93. Calculate v(-13).
-11
Let g(a) = -8*a - 78. Give g(-10).
2
Let a(j) = -j**2 + 13*j - 9. Determine a(6).
33
Let y(s) = 11*s**3 - 4*s**2 - s + 3. What is y(-2)?
-99
Let u(j) = -j**3 + 13*j**2 + 12*j + 18. Determine u(14).
-10
Let v(n) = -17*n**2 - 2*n + 1. Determine v(1).
-18
Let b(v) = 5*v + 145. Calculate b(-29).
0
Let y(l) = l**3 + 12*l**2 - 14*l. What is y(-13)?
13
Let b(w) = -2*w**2 + 5*w + 18. Determine b(5).
-7
Let f(l) = 2*l**2 - 7*l + 6. What is f(0)?
6
Let m(t) = t**3 - 16*t**2 - 14*t - 31. What is m(17)?
20
Let s(g) = g**2 - 6*g + 2. Calculate s(9).
29
Let n(u) = -u + 7. Determine n(9).
-2
Let y(s) = 2*s + 33. What is y(-15)?
3
Let o(q) = -q**3 + 7*q**2 - 4*q - 3. Give o(6).
9
Let q(j) = 16*j + 163. Determine q(-11).
-13
Let y(c) = 15*c + 15. Calculate y(-1).
0
Let y(l) = 24*l - 7. Give y(3).
65
Let w(q) = q**3 - q**2 + 1. Determine w(-1).
-1
Let c(b) = 4*b + 2. What is c(-3)?
-10
Let n(v) = v**3 + 4*v**2 + 3*v + 7. Determine n(-3).
7
Let m(w) = w + 16. Determine m(-29).
-13
Let g(q) = 5*q + 5. Determine g(-2).
-5
Let b(u) = -42*u - 248. What is b(-6)?
4
Let v(h) = -4*h**3 - 3*h**2 - 2*h + 1. Determine v(-2).
25
Let m(p) = 11*p - 22. Determine m(2).
0
Let q(a) = 16*a + 33. Determine q(-2).
1
Let x(i) = i**2 - 5*i - 9. Determine x(7).
5
Let x(i) = i**3 + 13*i**2 - 48*i - 27. Give x(-16).
-27
Let y(t) = 18*t + 34. Give y(-2).
-2
Let l(c) = c**3 + 10*c**2 - c - 12. What is l(-10)?
-2
Let s(j) = -6*j**2 + j - 1. What is s(-2)?
-27
Let h(r) = 17*r + 17. What is h(-5)?
-68
Let z(y) = y**3 - 4*y**2 - y - 8. Give z(4).
-12
Let w(h) = -3*h**2 + 2*h - 10. Determine w(3).
-31
Let v(z) = -z**2 - 6*z + 5. Give v(-7).
-2
Let x(t) = t + 28. Determine x(-17).
11
Let o(s) = -s**2 - 10*s - 10. Determine o(-10).
-10
Let o(s) = 3*s - 13. Calculate o(6).
5
Let s(p) = -p**3 + p**2 - 6*p + 14. Calculate s(2).
-2
Let l(p) = -9*p**2 - 2*p - 1. Give l(-1).
-8
Let h(p) = p**3 - 8*p**2 + 11*p + 11. Give h(6).
5
Let y(g) = 2*g + 3. Give y(7).
17
Let o(l) = -l - 2. Determine o(-5).
3
Let m(l) = 17*l - 72. What is m(7)?
47
Let w(n) = -5*n - 10. Determine w(-1).
-5
Let p(k) = -k**3 - 7*k**2 + 5. Determine p(-5).
-45
Let m(c) = 38*c + 107. Determine m(-3).
-7
Let f(v) = 3*v**2 - v - 4. What is f(3)?
20
Let j(q) = -39*q. Give j(-1).
39
Let j(q) = q + 5. What is j(-9)?
-4
Let c(s) = -48*s + 187. Calculate c(4).
-5
Let t(l) = l**3 + 10*l**2 + 26. Calculate t(-9).
107
Let u(y) = 17*y**3 - y**2 - 2*y + 2. Calculate u(1).
16
Let y(w) = -w**2 + 3*w + 46. Determine y(7).
18
Let w(u) = -4*u**2 + 162*u + 82. Determine w(41).
0
Let u(f) = -f**2 + 8*f + 60. Calculate u(-5).
-5
Let s(k) = -3*k + 5. Calculate s(6).
-13
Let u(a) = -a**2 + 16*a + 261. Determine u(26).
1
Let u(l) = -l**3 - 18*l**2 - 14*l + 1. What is u(-17)?
-50
Let z(t) = 2*t**2 - 10*t - 4. What is z(5)?
-4
Let c(s) = -s**3 + 7*s**2 - 8*s + 1. What is c(6)?
-11
Let i(x) = 2*x**2 - 36*x - 90. Give i(21).
36
Let v(x) = 25*x - 79. Calculate v(3).
-4
Let c(h) = 34*h - 159. What is c(5)?
11
Let i(t) = 5*t - 145. Calculate i(34).
25
Let q(x) = -11*x + 60. Give q(3).
27
Let k(z) = z**3 + 4*z**2 - 11*z + 12. Calculate k(2).
14
Let u(d) = -d**3 - 10*d**2 - 18*d + 5. What is u(-4)?
-19
Let i(z) = -10*z + 172. What is i(17)?
2
Let c(k) = 4*k**2 + 29*k + 41. What is c(-2)?
-1
Let u(v) = v**3 + 6*v**2 - 6*v - 9. Calculate u(-7).
-16
Let n(c) = -c**2 + 10*c - 41. Calculate n(6).
-17
Let l(c) = -c**2 - 13*c - 15. What is l(-12)?
-3
Let t(r) = -r**2 - 6*r. Calculate t(-12).
-72
Let l(u) = -5*u + 7. Determine l(3).
-8
Let k(z) = -z**2 + 5*z - 5. What is k(5)?
-5
Let r(m) = 3*m - 15. Give r(4).
-3
Let i(w) = -4*w + 6. Determine i(4).
-10
Let l(a) = -a**3 - 17*a**2 + a + 12. Determine l(-17).
-5
Let w(f) = -f**3 + 7*f**2 + 9*f + 4. What is w(8)?
12
Let k(n) = 2*n + 2. Give k(-2).
-2
Let u(a) = -25*a - 21. Give u(-3).
54
Let k(q) = -q**3 + 33*q**2 - 33*q - 1. What is k(32)?
-33
Let m(x) = -x**3 + 13*x**2 - 25*x + 32. Determine m(11).
-1
Let g(x) = 10*x**3 + 2*x**2 + 2*x + 1. Calculate g(-1).
-9
Let u(o) = -o**3 + 12*o**2 - 19*o - 10. What is u(10)?
0
Let c(u) = -5*u**2 + 29*u + 12. Determine c(6).
6
Let w(s) = 2*s**2 + 15*s + 3. Give w(-7).
-4
Let b(l) = -l + 8. Calculate b(6).
2
Let u(r) = -r**2 + 14*r + 1. Calculate u(10).
41
Let s(c) = -c**2 - 9*c + 22. Give s(-11).
0
Let p(d) = 4*d**2 - 3*d - 12. Determine p(-2).
10
Let k(b) = 9*b**2 - 62*b - 7. What is k(7)?
0
Let t(j) = 3*j + 16. What is t(-10)?
-14
Let t(p) = 5*p**2 + 2*p. Calculate t(-2).
16
Let i(d) = -d**3 + 3*d**2 + 11*d - 5. Determine i(5).
0
Let q(h) = -h**3 - 20*h**2 - 34*h + 24. Determine q(-18).
-12
Let n(y) = 3*y**3 - 2*y**2 - 4. Calculate n(2).
12
Let j(h) = h**3 - h**2 + 3*h - 7. Give j(3).
20
Let r(b) = -b**3 - 10*b**2 - 22*b - 43. Calculate r(-8).
5
Let j(i) = 9*i**2 - 1. Determine j(-2).
35
Let o(x) = x**2 - 11*x + 16. Determine o(10).
6
Let p(d) = -2*d**2 - 7*d + 15. Determine p(3).
-24
Let s(n) = -n + 31. Give s(11).
20
Let a(i) = 25*i - 292. Determine a(13).
33
Let a(r) = -6*r - 8. Calculate a(-4).
16
Let b(k) = -k**2 - 10*k - 22. Determine b(-10).
-22
Let c(u) = -u**2 + 6*u + 2. Determine c(6).
2
Let r(m) = -m**3 + 32*m**2 + 72*m - 138. Give r(34).
-2
Let r(w) = -5*w**3 + 3*w**2 - 7*w + 7. Determine r(2).
-35
Let z(m) = 2*m**2 - 6*m - 15. What is z(5)?
5
Let s(v) = -14*v + 113. Calculate s(7).
15
Let s(c) = -5*c. Give s(2).
-10
Let a(v) = -v**2 + 7*v + 6. What is a(7)?
6
Let r(d) = -d**2 - 3*d + 70. Determine r(7).
0
Let z(a) = a**3 - 6*a**2 + a - 6. Calculate z(6).
0
Let u(m) = -m**3 - 4*m**2 - 5*m - 3. Calculate u(-3).
3
Let b(j) = -4*j + 77. Give b(20).
-3
Let n(f) = f**2 + 3*f - 3. Give n(4).
25
Let b(q) = -q + 23. Calculate b(7).
16
Let h(o) = o**3 + 6*o**2 - 3*o - 1. Give h(-8).
-105
Let j(b) = -2*b**3 + 36*b**2 - 2*b + 35. Give j(18).
-1
Let n(i) = -i**2 - i + 21. Determine n(5).
-9
Let o(b) = -b**3 + 4*b**2 + 6*b - 7. Give o(5).
-2
Let f(s) = 5*s + 6. What is f(-7)?
-29
Let k(g) = g**3 + 12*g**2 - 14*g + 10. Calculate k(-13).
23
Let m(r) = -r**2 + 22*r + 43. Calculate m(24).
-5
Let l(r) = 17*r - 70. Calculate l(6).
32
Let b(y) = -15*y - 13. Calculate b(2).
-43
Let b(j) = 4*j - 58. What is b(18)?
14
Let n(m) = m - 27. What is n(-12)?
-39
Let z(g) = g - 24. Determine z(23).
-1
Let m(k) = -k**2 - 5*k + 22. What is m(-7)?
8
Let k(l) = -l - 3. Give k(2).
-5
Let z(x) = -2*x**2 - 13*x - 11. Give z(-4).
9
Let n(k) = 2*k**2 + k + 2. What is n(3)?
23
Let u(h) = 165*h + 167. Calculate u(-1).
2
Let o(n) = 2*n + 118. Give o(-54).
10
Let d(f) = 3*f**3 - 10*f**2 - 3*f - 3. What is d(5)?
107
Let a(g) = -2*g**2 - 19*g - 24. What is a(-8)?
0
Let k(r) = r**3 + 5*r**2 - 3*r + 4. Give k(-6).
-14
Let t(j) = 2*j**2 + 73*j - 38. What is t(-37)?
-1
Let x(j) = j**3 - 24*j**2 - 25*j + 35. Determine x(25).
35
Let t(b) = b**3 + 8*b**2 - 9*b - 9. Give t(-9).
-9
Let x(b) = b**3 + 3*b**2 + 3*b + 